{"id":744,"date":"2021-05-29T20:44:10","date_gmt":"2021-05-29T23:44:10","guid":{"rendered":"http:\/\/betonbento.com.br\/?page_id=744"},"modified":"2021-05-29T22:22:08","modified_gmt":"2021-05-30T01:22:08","slug":"muros","status":"publish","type":"page","link":"https:\/\/betonbento.com.br\/index.php\/muros\/","title":{"rendered":"Muros"},"content":{"rendered":"\n<p>Muros de placa com excelente acabamento, f\u00e1cil montagem e desmontagem. Se adapta a diferentes terrenos e inclina\u00e7\u00f5es. Fa\u00e7a seu or\u00e7amento!<\/p>\n\n\n\n<figure class=\"wp-block-table is-style-stripes\"><table><thead><tr><th class=\"has-text-align-left\" data-align=\"left\">Pe\u00e7a<\/th><th class=\"has-text-align-left\" data-align=\"left\">Dimens\u00f5es (cm)<\/th><\/tr><\/thead><tbody><tr><td class=\"has-text-align-left\" data-align=\"left\">MOUR\u00c3O PARA MURO<\/td><td class=\"has-text-align-left\" data-align=\"left\">12x12x270<\/td><\/tr><tr><td class=\"has-text-align-left\" data-align=\"left\">PLACA PARA MURO<\/td><td class=\"has-text-align-left\" data-align=\"left\">3x25x150<\/td><\/tr><\/tbody><\/table><\/figure>\n","protected":false},"excerpt":{"rendered":"<p>Muros de placa com excelente acabamento, f\u00e1cil montagem e desmontagem. Se adapta a diferentes terrenos e inclina\u00e7\u00f5es. Fa\u00e7a seu or\u00e7amento! Pe\u00e7a Dimens\u00f5es (cm) MOUR\u00c3O PARA&hellip;<\/p>\n","protected":false},"author":1,"featured_media":746,"parent":0,"menu_order":0,"comment_status":"closed","ping_status":"closed","template":"","meta":{"_monsterinsights_skip_tracking":false,"_monsterinsights_sitenote_active":false,"_monsterinsights_sitenote_note":"","_monsterinsights_sitenote_category":0},"_links":{"self":[{"href":"https:\/\/betonbento.com.br\/index.php\/wp-json\/wp\/v2\/pages\/744"}],"collection":[{"href":"https:\/\/betonbento.com.br\/index.php\/wp-json\/wp\/v2\/pages"}],"about":[{"href":"https:\/\/betonbento.com.br\/index.php\/wp-json\/wp\/v2\/types\/page"}],"author":[{"embeddable":true,"href":"https:\/\/betonbento.com.br\/index.php\/wp-json\/wp\/v2\/users\/1"}],"replies":[{"embeddable":true,"href":"https:\/\/betonbento.com.br\/index.php\/wp-json\/wp\/v2\/comments?post=744"}],"version-history":[{"count":2,"href":"https:\/\/betonbento.com.br\/index.php\/wp-json\/wp\/v2\/pages\/744\/revisions"}],"predecessor-version":[{"id":812,"href":"https:\/\/betonbento.com.br\/index.php\/wp-json\/wp\/v2\/pages\/744\/revisions\/812"}],"wp:featuredmedia":[{"embeddable":true,"href":"https:\/\/betonbento.com.br\/index.php\/wp-json\/wp\/v2\/media\/746"}],"wp:attachment":[{"href":"https:\/\/betonbento.com.br\/index.php\/wp-json\/wp\/v2\/media?parent=744"}],"curies":[{"name":"wp","href":"https:\/\/api.w.org\/{rel}","templated":true}]}}